27868?
1
What is the hundred thousands digit of 502401132?
4
What is the millions digit of 384829689?
4
What is the thousands digit of 1829682742?
2
What is the hundred thousands digit of 605941972?
9
What is the units digit of 652027561?
1
What is the ten millions digit of 153289122?
5
What is the hundred millions digit of 158425951?
1
What is the hundreds digit of 1148982845?
8
What is the ten millions digit of 564058206?
6
What is the thousands digit of 366099039?
9
What is the hundreds digit of 38909224?
2
What is the thousands digit of 512490565?
0
What is the ten thousands digit of 3601727911?
2
What is the thousands digit of 18115405?
5
What is the hundreds digit of 301650685?
6
What is the thousands digit of 585126892?
6
What is the millions digit of 1540279472?
0
What is the ten millions digit of 245169219?
4
What is the tens digit of 278510105?
0
What is the units digit of 834469577?
7
What is the hundred millions digit of 481186652?
4
What is the billions digit of 1299672846?
1
What is the units digit of 375727895?
5
What is the hundred thousands digit of 1074633829?
6
What is the millions digit of 4865803205?
5
What is the units digit of 7370161318?
8
What is the ten thousands digit of 684021958?
2
What is the ten millions digit of 34561027?
3
What is the units digit of 2221797403?
3
What is the ten thousands digit of 38534612?
3
What is the ten millions digit of 410025831?
1
What is the millions digit of 314355800?
4
What is the hundred thousands digit of 9831357?
8
What is the ten thousands digit of 1059390324?
9
What is the millions digit of 17854267?
7
What is the millions digit of 62744843?
2
What is the ten millions digit of 240202426?
4
What is the tens digit of 41817848?
4
What is the units digit of 4374396883?
3
What is the ten millions digit of 505020709?
0
What is the tens digit of 9787137?
3
What is the millions digit of 43508652?
3
What is the hundred thousands digit of 145288176?
2
What is the billions digit of 2427235594?
2
What is the ten thousands digit of 1000537922?
3
What is the billions digit of 6746761781?
6
What is the thousands digit of 576790632?
0
What is the ten millions digit of 71023830?
7
What is the units digit of 72149249?
9
What is the hundred millions digit of 141908445?
1
What is the tens digit of 926386665?
6
What is the hundred millions digit of 317923375?
3
What is the hundreds digit of 4116111534?
5
What is the millions digit of 119180797?
9
What is the hundred millions digit of 829846592?
8
What is the ten millions digit of 61485178?
6
What is the units digit of 182549301?
1
What is the millions digit of 7336333923?
6
What is the hundreds digit of 2918487045?
0
What is the tens digit of 213247898?
9
What is the units digit of 259662628?
8
What is the tens digit of 18100641?
4
What is the ten thousands digit of 703119414?
1
What is the tens digit of 91553369?
6
What is the millions digit of 18347296?
8
What is the tens digit of 1300564705?
0
What is the hundred millions digit of 1167426155?
1
What is the hundred thousands digit of 132210289?
2
What is the hundred thousands digit of 497475205?
4
What is the units digit of 1567394419?
9
What is the hundred thousands digit of 264451010?
4
What is the ten thousands digit of 1373769678?
6
What is the thousands digit of 612147207?
7
What is the hundreds digit of 2134879424?
4
What is the ten thousands digit of 1074950827?
5
What is the millions digit of 27670067?
7
What is the hundreds digit of 331817249?
2
What is the ten millions digit of 3389117143?
8
What is the ten thousands digit of 465746752?
4
What is the thousands digit of 690269274?
9
What is the hundred thousands digit of 160716120?
7
What is the ten thousands digit of 93569878?
6
What is the hundreds digit of 14520674?
6
What is the hundred thousands digit of 25030817?
0
What is the billions digit of 4596078365?
4
What is the tens digit of 16331711?
1
What is the units digit of 2867579628?
8
What is the millions digit of 51111346?
1
What is the ten thousands digit of 45582324?
8
What is the millions digit of 655131170?
5
What is the ten millions digit of 17497431?
1
What is the hundreds digit of 139391396?
3
What is the millions digit of 439547685?
9
What is the hundred thousands digit of 4501769170?
7
What is the hundreds digit of 425199721?
7
What is the ten millions digit of 622647606?
2
What is the tens digit of 573741877?
7
What is the ten millions digit of 2231389275?
3
What is the ten thousands digit of 1053145529?
4
What is the millions digit of 27797721?
7
What is the tens digit of 70964579?
7
What is the hundreds digit of 7921993?
9
What is the hundred thousands digit of 883261169?
2
What is the units digit of 13058079?
9
What is the hundreds digit of 97894334?
3
What is the hundreds digit of 44942554?
5
What is the ten millions digit of 2503621857?
0
What is the thousands digit of 62560223?
0
What is the billions digit of 1719574705?
1
What is the millions digit of 63248366?
3
What is the hundreds digit of 148684991?
9
What is the units digit of 580328772?
2
What is the ten thousands digit of 127026039?
2
What is the units digit of 2298765135?
5
What is the ten millions digit of 185741703?
8
What is the thousands digit of 261590869?
0
What is the millions digit of 233185658?
3
What is the hundreds digit of 2646770308?
3
What is the thousands digit of 2100628416?
8
What is the tens digit of 312317337?
3
What is the hundred millions digit of 1194235270?
1
What is the hundreds digit of 957356?
3
What is the tens digit of 20556647?
4
What is the ten millions digit of 551906716?
5
What is the tens digit of 2872870107?
0
What is the hundred thousands digit of 6609004667?
0
What is the tens digit of 554646401?
0
What is the tens digit of 23815131?
3
What is the thousands digit of 761724576?
4
What is the millions digit of 57015548?
7
What is the tens digit of 2265174809?
0
What is the hundreds digit of 11190642?
6
What is the ten thousands digit of 80205009?
0
What is the hundreds digit of 362114238?
2
What is the hundreds digit of 94227686?
6
What is the units digit of 3920179465?
5
What is the ten millions digit of 226321258?
2
What is the hundreds digit of 5369286240?
2
What is the ten thousands digit of 437998054?
9
What is the millions digit of 1409687376?
9
What is the thousands digit of 255597143?
7
What is the hundred thousands digit of 57218102?
2
What is the hundred millions digit of 1179878323?
1
What is the tens digit of 6410450022?
2
What is the ten thousands digit of 2946262260?
6
What is the billions digit of 6256481942?
6
What is the units digit of 59525755?
5
What is the units digit of 1710007281?
1
What is the ten thousands digit of 22797042?
9
What is the hundreds digit of 4124583118?
1
What is the units digit of 1155596813?
3
What is the ten thousands digit of 1244276051?
7
What is the thousands digit of 70678401?
8
What is the thousands digit of 828521809?
1
What is the thousands digit of 1333989717?
9
What is the billions digit of 1031740720?
1
What is the millions digit of 54990932?
4
What is the thousands digit of 984647437?
7
What is the hundred millions digit of 581247701?
5
What is the thousands digit of 580779903?
9
What is the tens digit of 40323852?
5
What is the millions digit of 317413920?
7
What is the thousands digit of 70350815?
0
What is the tens digit of 1483448163?
6
What is the ten thousands digit of 3799284411?
8
What is the hundreds digit of 12444555?
5
What is the units digit of 310744900?
0
What is the thousands digit of 2745443705?
3
What is the hundred thousands digit of 2365176885?
1
What is the hundred thousands digit of 50555710?
5
What is the ten millions digit of 273246688?
7
What is the hundreds digit of 29865751?
7
What is the hundred thousands digit of 4563941206?
9
What is the tens digit of 4771734899?
9
What is the hundreds digit of 105724251?
2
What is the ten millions digit of 966888992?
6
What is the millions digit of 255791610?
5
What is the units digit of 51238044?
4
What is the thousands digit of 2394295731?
5
What is the tens digit of 77252711?
1
What is the thousands digit of 357553281?
3
What is the tens digit of 70856961?
6
What is the ten thousands digit of 1127451565?
5
What is the ten millions digit of 44389555?